= y**3 + 3*y**2 + 2*y - 4. Calculate b(1).
2
Let i(z) = z**3 - 6*z**2 - 5*z - 7. Give i(5).
-57
Let o(h) = -h - 19. Calculate o(-18).
-1
Let c(r) = -3*r + 16. Determine c(11).
-17
Let d(r) = 49*r - 81. Give d(3).
66
Let n(u) = -u**2 - 3*u - 5. Give n(-9).
-59
Let m(h) = -2*h**3 - 2*h**2 - h + 1. What is m(0)?
1
Let p(h) = -h**3 + 9*h**2 + 4*h + 1. What is p(9)?
37
Let o(c) = c**3 + 2*c**2 - 6*c - 8. Determine o(0).
-8
Let c(m) = -4*m**2 - 2*m + 1. Determine c(-2).
-11
Let r(l) = 8*l + 30. Determine r(6).
78
Let m(h) = -37*h**2 - h. What is m(-1)?
-36
Let v(i) = -i**2 + 9*i - 18. Calculate v(8).
-10
Let f(l) = 2*l + 44. What is f(-9)?
26
Let z(l) = -10*l**3 - 2*l**2 - 2*l. Determine z(-1).
10
Let g(d) = -132*d + 928. What is g(7)?
4
Let n(t) = 2*t - 17. Give n(9).
1
Let k(i) = 8*i + 1. What is k(4)?
33
Let p(b) = -243*b + 734. Give p(3).
5
Let k(a) = -a**2 - 26*a - 187. Determine k(-9).
-34
Let r(n) = 2*n + 4. Calculate r(-5).
-6
Let h(u) = u**2 - 23*u + 72. What is h(19)?
-4
Let p(q) = -q**3 - 17*q**2 - 14. Calculate p(-17).
-14
Let n(l) = l**3 + 13*l**2 + 10*l + 6. Calculate n(-12).
30
Let k(p) = -p**3 - 12*p**2 - 12*p - 6. Calculate k(-11).
5
Let h(r) = -r**2 - 4*r. Calculate h(-3).
3
Let m(q) = 36*q + 125. Determine m(-4).
-19
Let j(x) = 2*x - 9. What is j(-10)?
-29
Let y(b) = -b**2 + 9*b - 1. What is y(-7)?
-113
Let v(j) = j + 17. Give v(-4).
13
Let p(v) = 2*v**2 - 3*v + 5. Calculate p(2).
7
Let h(p) = 2*p**3 - 2*p**2 + 2*p + 1. What is h(3)?
43
Let m(k) = k**3 - 4*k**2 + 2*k + 3. Give m(3).
0
Let q(d) = -d**3 - 7*d**2 - 2*d + 12. Determine q(-6).
-12
Let i(x) = x**3 - 9*x**2 - 113*x + 13. Determine i(16).
-3
Let c(p) = -3*p - 9. Determine c(24).
-81
Let n(q) = -q - 13. What is n(-11)?
-2
Let x(f) = f**3 + 2*f + 1. Give x(0).
1
Let m(u) = u**2 + 15*u + 20. Give m(-12).
-16
Let b(n) = -6*n - 30. Calculate b(-5).
0
Let b(p) = 9*p - 6. Give b(12).
102
Let f(y) = 3*y + 25. What is f(-17)?
-26
Let t(k) = -k**2 - 10*k - 7. What is t(-5)?
18
Let c(l) = 11*l**3 + 2*l**2 + 2*l. Calculate c(-1).
-11
Let k(f) = -f**3 + f**2. Calculate k(2).
-4
Let b(w) = w**3 + w**2 - 3*w + 9. What is b(-3)?
0
Let z(i) = -10*i + 50. Determine z(5).
0
Let x(q) = -118*q + 1. What is x(0)?
1
Let g(n) = -3*n**2 + 17*n - 16. Determine g(4).
4
Let k(j) = -5*j + 15. Determine k(-10).
65
Let o(v) = -2*v**3 - 5*v**2 - 1. Determine o(-4).
47
Let b(q) = q**3 - 4*q**2 - 15*q + 5. What is b(7)?
47
Let n(t) = 4*t**2 - 36*t + 9. Calculate n(9).
9
Let c(v) = v**3 + 6*v**2 - 18*v - 12. What is c(-8)?
4
Let n(m) = -3*m + 20. What is n(8)?
-4
Let o(r) = 3*r**3 - 2. Determine o(-3).
-83
Let k(b) = -2*b - 8. Determine k(11).
-30
Let r(u) = -u**3 + 8*u**2 + 6*u + 3. Determine r(8).
51
Let a(k) = k**2 + 3*k + 1. Give a(-6).
19
Let k(r) = -19*r + 1. What is k(1)?
-18
Let y(x) = 5*x**2 + 65*x + 34. Calculate y(-12).
-26
Let z(b) = b**2 - 4*b + 4. Calculate z(0).
4
Let p(v) = v**3 + 9*v**2 + 15*v + 23. What is p(-7)?
16
Let v(x) = -x**3 + 7*x**2 + 12*x - 2. Determine v(8).
30
Let a(v) = v**3 + 11*v**2 - 14*v - 18. What is a(-12)?
6
Let w(l) = -3*l - 26. Calculate w(-11).
7
Let f(g) = 4*g**2 + 3*g + 3. Give f(-3).
30
Let s(k) = -k + 9. Calculate s(-3).
12
Let h(w) = -w**2 + 3*w + 5. What is h(5)?
-5
Let t(o) = -2*o - 23. What is t(-12)?
1
Let c(n) = n**3 + 7*n**2 + 3*n. Determine c(-6).
18
Let t(l) = -8*l**2 + 8*l + 11. Give t(-3).
-85
Let b(l) = -10*l**2 - 3*l. Determine b(-2).
-34
Let b(t) = t**3 + 28*t**2 + 26*t - 28. Give b(-27).
-1
Let t(p) = -p**3 - 8*p**2 - 9*p - 9. Calculate t(-6).
-27
Let m(z) = -z**3 - z**2 + 3*z - 2. What is m(3)?
-29
Let m(n) = -n**2 + 21*n + 19. What is m(22)?
-3
Let q(a) = -a - 1. What is q(6)?
-7
Let f(w) = w**2 - 67*w + 140. Give f(65).
10
Let y(m) = 5*m + 2. What is y(0)?
2
Let z(o) = 7*o + 2. Give z(-2).
-12
Let q(d) = 2*d + 50. Calculate q(-7).
36
Let t(i) = 2*i**2 - i - 35. Determine t(0).
-35
Let k(x) = x**3 - 43*x**2 - x + 79. Determine k(43).
36
Let x(g) = 4*g**2 - 2*g - 6. What is x(4)?
50
Let d(b) = 25*b + 159. Give d(-7).
-16
Let j(f) = -2*f + 25. Calculate j(13).
-1
Let q(t) = t**3 + 4*t**2 - 12*t - 43. What is q(-3)?
2
Let o(m) = m**3 + 9*m**2 + 13. Determine o(-9).
13
Let k(o) = o**2 - o - 1. Determine k(3).
5
Let d(l) = 3*l - 24. What is d(5)?
-9
Let p(n) = 13*n - 1. Determine p(6).
77
Let b(l) = -l**2 - 6*l - 1. Give b(-2).
7
Let v(u) = u**3 + 19*u**2 - 9. Determine v(-19).
-9
Let z(y) = -y**3 - 3*y**2 - 4*y - 3. Determine z(-3).
9
Let h(a) = a**2 - 11*a + 16. Give h(7).
-12
Let g(j) = -j**3 - 5*j**2 + 3*j + 27. What is g(-5)?
12
Let q(h) = -2*h**2 + 10*h + 2. Give q(5).
2
Let d(u) = -2*u**3 - 48*u**2 + u - 9. What is d(-24)?
-33
Let k(y) = 4*y + 5. What is k(-7)?
-23
Let s(d) = -2*d**3 - 7*d**2 + d + 7. Determine s(-3).
-5
Let b(q) = -9*q - 27. What is b(-7)?
36
Let d(t) = -10*t**2 + 3*t. Determine d(2).
-34
Let t(u) = 2*u**3 - 8*u**2 - 2*u - 4. Give t(4).
-12
Let x(t) = -11*t - 72. Determine x(-7).
5
Let a(c) = -c**3 + 8*c**2 - 8*c + 6. Give a(7).
-1
Let z(f) = -f**2 - f + 28. Give z(0).
28
Let u(h) = -34*h**2 + 3*h - 2. What is u(1)?
-33
Let h(c) = -6*c - 38. Determine h(-7).
4
Let a(y) = 6*y - 76. What is a(0)?
-76
Let v(x) = -41*x**3 + 1. Determine v(1).
-40
Let m(p) = 35*p. Determine m(-1).
-35
Let h(o) = -35*o + 13. Determine h(3).
-92
Let l(v) = 2*v**2 + 12*v + 58. What is l(-7)?
72
Let n(f) = 33*f - 257. Calculate n(8).
7
Let c(z) = 4*z - 5. Determine c(0).
-5
Let b(y) = y**3 + 10*y**2 - 16*y - 37. What is b(-11)?
18
Let r(o) = -o**3 - 3*o**2 + 18*o - 6. Determine r(-6).
-6
Let q(p) = -261*p + 787. Determine q(3).
4
Let k(m) = 2*m - 83. Calculate k(35).
-13
Let t(j) = -j + 14. Give t(2).
12
Let j(w) = w - 63. Determine j(21).
-42
Let b(n) = n**3 + 3*n**2 - 6*n + 3. Determine b(-5).
-17
Let o(m) = -m**3 - 12*m**2 + 3*m + 8. Determine o(-12).
-28
Let b(j) = j**3 + 5*j**2 + 5*j - 4. Give b(-4).
-8
Let v(t) = -3*t + 25. What is v(-5)?
40
Let k(r) = 15*r + 21. Give k(-1).
6
Let q(r) = -4*r + 37. Calculate q(8).
5
Let u(o) = -2*o**3 - 17*o**2 + 8*o - 16. What is u(-9)?
-7
Let v(w) = 5*w**2 + 7*w + 9. What is v(-4)?
61
Let y(k) = k**2 - 18*k + 30. Give y(6).
-42
Let a(v) = -v**3 + 7*v**2 - 5*v. What is a(7)?
-35
Let k(z) = -z**2 + 13*z + 5. Give k(13).
5
Let b(l) = l**2 - 9*l + 7. Calculate b(9).
7
Let o(a) = -2*a - 38. Give o(-13).
-12
Let n(h) = -h + 17. Give n(19).
-2
Let x(v) = v**3 - v**2 - 33. What is x(0)?
-33
Let b(i) = -30*i - 1. Determine b(-1).
29
Let p(x) = -12*x**3 - x**2 - x. Determine p(-1).
12
Let i(w) = 2*w**2 + w - 4. Determine i(3).
17
Let c(m) = m**2 - 2*m - 1. What is c(-5)?
34
Let f(x) = x**3 - 11*x**2 + 6*x + 34. What is f(10)?
-6
Let g(y) = 22*y**2 + 1. Calculate g(-1).
23
Let c(t) = -t**2 + 7*t + 298. Determine c(21).
4
Let f(x) = -7*x + 2. Give f(-2).
16
Let k(x) = x**2 + x + 3. Calculate k(-3).
9
Let y(t) = -12*t - 8. Give y(5).
-68
Let f(o) = 7*o + 83. Give f(-13).
-8
Let u(n) = -n - 85. What is u(0)?
-85
Let f(k) = -3*k - 23. Determine f(-8).
1
Let q(a) = 4*a - 25. Give q(7).
3
Let v(l) = 3*l + 12. Determine v(-8).
-12
Let w(t) = t**3 + 5*t**2 - 6*t - 1. Determine w(-6).
-1
Let b(m) = 5*m + 99. Calculate b(-19).
4
Let v(k) = k**2 - 14*k + 11. Calculate v(9).
-34
Let a(i) = -6*i + 11. Calculate a(3).
-7
Let o(c) = 7*c + 58. What is o(-10)?
-12
Let c(q) = 3*q - 38. Give c(11).
-5
Let y(h) = -3*h**2 - 11*h + 34. Give y(-6).
-8
Let l(i) = 7*i - 32. Give l(0).
-32
Let z(x) = -x**3 - x**2 + 15*x - 1. What is z(3)?
8
Let h(v) = -v + 10. Determine h(7).
3
Let w(f) = -16*f + 14. Give w(3).
-34
Let h(a) = -40*a**3 - a**2 + a. Give h(1).
-40
Let u(k) = k**3 + 15*k**2 + 16*k + 10. Calculate u(-14).
-18
Let j(i) = -i**3 + 2. What is j(0)?
2
Let s(m) = -16*m + 22. Calculate s(4).
-42
Let n(p) = p**2 - 20*p + 33. Give n(19).
14
Let i(y) = -6*y - 152. Give i(-26).
4
Let x(c) = -12*c**2. Give x(1).
-12
Let m(x) = 15*x**3 + x**2 + 3*x - 4. Calculate m(1).
15
Let p(g) = -10*g + 268. Determine p(27).
-2
Let i(r) = r**3 - 11*r**2 - 10*r - 18. Calculate i(12).
6
Let l(n) = 4*n - 3. Calculate l(-2).
-11
Let l(m) = m**2 + 17*m + 4. Calculate l(-16).
-12
Let v(w) = -w**2 - 14*w - 1. What is v(-8)?
47
Let x(g) = 9*g**2 - 2*g + 1. Calculate x(1).
8
Let n(t) = -t**2 + 3*t - 8. Determine n(-5).
-48
Let t(k) = -k**2 - 18*k - 35. What is t(-